ime factors of 23737.
7, 3391
List the prime factors of 87540.
2, 3, 5, 1459
What are the prime factors of 42911?
11, 47, 83
What are the prime factors of 7645?
5, 11, 139
List the prime factors of 13732.
2, 3433
List the prime factors of 7664.
2, 479
List the prime factors of 14450.
2, 5, 17
What are the prime factors of 109?
109
List the prime factors of 2039.
2039
List the prime factors of 4146.
2, 3, 691
What are the prime factors of 26742?
2, 3, 4457
What are the prime factors of 91037?
59, 1543
List the prime factors of 1812.
2, 3, 151
What are the prime factors of 31454?
2, 15727
What are the prime factors of 12466?
2, 23, 271
List the prime factors of 1246.
2, 7, 89
List the prime factors of 22832.
2, 1427
What are the prime factors of 3738?
2, 3, 7, 89
What are the prime factors of 23126?
2, 31, 373
What are the prime factors of 39838?
2, 19919
What are the prime factors of 271?
271
List the prime factors of 13497.
3, 11, 409
What are the prime factors of 25302?
2, 3, 4217
What are the prime factors of 8809?
23, 383
List the prime factors of 2298.
2, 3, 383
List the prime factors of 40.
2, 5
List the prime factors of 8237.
8237
What are the prime factors of 6209?
7, 887
List the prime factors of 7051.
11, 641
List the prime factors of 12690.
2, 3, 5, 47
List the prime factors of 978.
2, 3, 163
List the prime factors of 575.
5, 23
List the prime factors of 3986.
2, 1993
What are the prime factors of 282?
2, 3, 47
What are the prime factors of 6096?
2, 3, 127
What are the prime factors of 17009?
73, 233
What are the prime factors of 68204?
2, 17, 59
What are the prime factors of 3416?
2, 7, 61
List the prime factors of 1742.
2, 13, 67
What are the prime factors of 19086?
2, 3, 3181
What are the prime factors of 10905?
3, 5, 727
List the prime factors of 98.
2, 7
List the prime factors of 422.
2, 211
List the prime factors of 4661.
59, 79
List the prime factors of 998.
2, 499
List the prime factors of 1797.
3, 599
List the prime factors of 1368.
2, 3, 19
List the prime factors of 6388.
2, 1597
List the prime factors of 75121.
43, 1747
List the prime factors of 10186.
2, 11, 463
What are the prime factors of 727?
727
What are the prime factors of 2827?
11, 257
What are the prime factors of 73952?
2, 2311
List the prime factors of 57533.
7, 8219
List the prime factors of 102.
2, 3, 17
What are the prime factors of 816?
2, 3, 17
List the prime factors of 3436.
2, 859
What are the prime factors of 7314?
2, 3, 23, 53
What are the prime factors of 4056?
2, 3, 13
What are the prime factors of 4005?
3, 5, 89
List the prime factors of 120922.
2, 103, 587
What are the prime factors of 3745?
5, 7, 107
What are the prime factors of 1159?
19, 61
List the prime factors of 112657.
112657
List the prime factors of 133955.
5, 73, 367
List the prime factors of 1852.
2, 463
What are the prime factors of 11374?
2, 11, 47
What are the prime factors of 6936?
2, 3, 17
What are the prime factors of 4228?
2, 7, 151
List the prime factors of 478.
2, 239
What are the prime factors of 2429?
7, 347
What are the prime factors of 1361?
1361
What are the prime factors of 479?
479
List the prime factors of 2736.
2, 3, 19
What are the prime factors of 7452?
2, 3, 23
What are the prime factors of 1303?
1303
What are the prime factors of 1037?
17, 61
What are the prime factors of 1383?
3, 461
List the prime factors of 25068.
2, 3, 2089
List the prime factors of 2555.
5, 7, 73
List the prime factors of 389.
389
List the prime factors of 1547.
7, 13, 17
What are the prime factors of 61963?
11, 43, 131
List the prime factors of 69427.
69427
What are the prime factors of 3405?
3, 5, 227
What are the prime factors of 659?
659
What are the prime factors of 3778?
2, 1889
What are the prime factors of 4643?
4643
List the prime factors of 1829.
31, 59
List the prime factors of 15466.
2, 11, 19, 37
List the prime factors of 899.
29, 31
List the prime factors of 7630.
2, 5, 7, 109
What are the prime factors of 22704?
2, 3, 11, 43
List the prime factors of 433.
433
What are the prime factors of 4143?
3, 1381
What are the prime factors of 5772?
2, 3, 13, 37
What are the prime factors of 127828?
2, 31957
List the prime factors of 70069.
41, 1709
List the prime factors of 30178.
2, 79, 191
What are the prime factors of 2321?
11, 211
What are the prime factors of 20145?
3, 5, 17, 79
What are the prime factors of 5331?
3, 1777
List the prime factors of 15360.
2, 3, 5
List the prime factors of 6404.
2, 1601
List the prime factors of 65387.
7, 9341
What are the prime factors of 960?
2, 3, 5
What are the prime factors of 96665?
5, 19333
List the prime factors of 12120.
2, 3, 5, 101
What are the prime factors of 61?
61
What are the prime factors of 79551?
3, 8839
List the prime factors of 16964.
2, 4241
List the prime factors of 25925.
5, 17, 61
List the prime factors of 7080.
2, 3, 5, 59
List the prime factors of 3341.
13, 257
List the prime factors of 4845.
3, 5, 17, 19
What are the prime factors of 380?
2, 5, 19
What are the prime factors of 7944?
2, 3, 331
List the prime factors of 1200.
2, 3, 5
What are the prime factors of 12430?
2, 5, 11, 113
What are the prime factors of 7008?
2, 3, 73
List the prime factors of 188.
2, 47
What are the prime factors of 28691?
13, 2207
List the prime factors of 70032.
2, 3, 1459
List the prime factors of 12793.
11, 1163
What are the prime factors of 5286?
2, 3, 881
List the prime factors of 1684.
2, 421
What are the prime factors of 215?
5, 43
List the prime factors of 36631.
7, 5233
List the prime factors of 1584.
2, 3, 11
List the prime factors of 12327.
3, 7, 587
List the prime factors of 32318.
2, 11, 13, 113
What are the prime factors of 25431?
3, 7, 173
What are the prime factors of 9927?
3, 1103
What are the prime factors of 43690?
2, 5, 17, 257
What are the prime factors of 58414?
2, 29207
List the prime factors of 7738.
2, 53, 73
List the prime factors of 6084.
2, 3, 13
List the prime factors of 115199.
7, 2351
List the prime factors of 104739.
3, 34913
What are the prime factors of 28180?
2, 5, 1409
What are the prime factors of 9231?
3, 17, 181
List the prime factors of 2024.
2, 11, 23
List the prime factors of 1551.
3, 11, 47
List the prime factors of 121238.
2, 13, 4663
What are the prime factors of 1955?
5, 17, 23
List the prime factors of 717.
3, 239
What are the prime factors of 18?
2, 3
What are the prime factors of 129079?
29, 4451
List the prime factors of 27417.
3, 13, 19, 37
What are the prime factors of 1047?
3, 349
List the prime factors of 10801.
7, 1543
What are the prime factors of 2040?
2, 3, 5, 17
List the prime factors of 5139.
3, 571
List the prime factors of 55818.
2, 3, 7, 443
What are the prime factors of 3671?
3671
List the prime factors of 1294.
2, 647
List the prime factors of 95512.
2, 11939
List the prime factors of 18485.
5, 3697
List the prime factors of 992.
2, 31
What are the prime factors of 32233?
32233
What are the prime factors of 20227?
113, 179
List the prime factors of 5426.
2, 2713
List the prime factors of 81869.
81869
List the prime factors of 499.
499
What are the prime factors of 2774?
2, 19, 73
List the prime factors of 4596.
2, 3, 383
What are the prime factors of 28525?
5, 7, 163
What are the prime factors of 69868?
2, 17467
What are the prime factors of 12684?
2, 3, 7, 151
What are the prime factors of 4760?
2, 5, 7, 17
What are the prime factors of 8189?
19, 431
List the prime factors of 183319.
183319
List the prime factors of 2490.
2, 3, 5, 83
List the prime factors of 382.
2, 191
What are the prime factors of 695?
5, 139
List the prime factors of 16174.
2, 8087
List the prime factors of 843.
3, 281
List the prime factors of 18702.
2, 3, 1039
List the prime factors of 159.
3, 53
What are the prime factors of 7917?
3, 7, 13, 29
List the prime factors of 27451.
97, 283
What are the prime factors of 209?
11, 19
What are the prime factors of 96303?
3, 47, 683
What are the prime factors of 1447?
1447
What are the prime factors of 1838?
2, 919
What are the prime factors of 142084?
2, 35521
List the prime factors of 8627.
8627
List the prime factors of 31394.
2, 11, 1427
What are the prime factors of 844?
2, 211
What are the prime factors of 32474?
2, 13, 1249
What are the prime factors of 89025?